{"id":162,"date":"2025-01-26T16:08:36","date_gmt":"2025-01-26T15:08:36","guid":{"rendered":"https:\/\/www.savonnerie-chapoul.fr\/?post_type=product&#038;p=162"},"modified":"2026-04-10T15:00:55","modified_gmt":"2026-04-10T13:00:55","slug":"savon-la-garrigue","status":"publish","type":"product","link":"https:\/\/www.savonnerie-chapoul.fr\/index.php\/produit\/savon-la-garrigue\/","title":{"rendered":"Savon saponifi\u00e9 \u00e0 froid \u00e0 la lavande et au cade"},"content":{"rendered":"<h2>Savon artisanal saponifi\u00e9 \u00e0 froid \u00e0 la lavande fine et au gen\u00e9vrier cade fran\u00e7ais<\/h2>\n<p>Le savon La Garrigue est surgras et riche en glyc\u00e9rine naturellement produite lors de la saponification \u00e0 froid.<br \/>\nLes huiles essentielles bio et fran\u00e7aises de lavande fine et de gen\u00e9vrier cade parfument d\u00e9licatement ce savon.<br \/>\nDe plus, La Garrigue est color\u00e9 \u00e0 l&rsquo;indigo de persicaire en provenance du Luberon, et il est enrichi en avoine.<br \/>\n86% du total des ingr\u00e9dients sont d&rsquo;origine fran\u00e7aise et 69% sont issus de l&rsquo;agriculture biologique.<\/p>\n<p>D\u00e9couvrez <a href=\"https:\/\/www.savonnerie-chapoul.fr\/index.php\/2025\/03\/07\/savonnerie-chapoul-histoire-famille#lagarrigue\">ici<\/a> l&rsquo;histoire de famille qui se cache derri\u00e8re le savon La Garrigue.<\/p>\n<h2>Propri\u00e9t\u00e9s des ingr\u00e9dients du savon surgras La Garrigue parfum\u00e9 \u00e0 la lavande fine et au gen\u00e9vrier cade :<!--more--><\/h2>\n<ul>\n<li style=\"list-style-type: none;\">\n<ul>\n<li>Huile de tournesol : adoucissante et hydratante. Elle renforce la fonction barri\u00e8re de l\u2019\u00e9piderme et aide \u00e0 la pr\u00e9servation de l\u2019hydratation cutan\u00e9e<sup>1<\/sup> car elle est tr\u00e8s riche en vitamine E et concentr\u00e9e en acides gras essentiels.<\/li>\n<li>Huile de coco : une fois saponifi\u00e9e, elle donne un effet naturellement moussant au savon<sup>2<\/sup><\/li>\n<li>Huile essentielle de lavande officinale : a un effet calmant, relaxant, cicatrisant et antibact\u00e9rien<sup>3<\/sup><\/li>\n<li>Huile essentielle de gen\u00e9vrier cade : est utilis\u00e9e en cas d\u2019affections de la peau comme l\u2019ecz\u00e9ma et le psoriasis<sup>3<\/sup><\/li>\n<li>Flocons d\u2019avoine : adoucissent et assouplissent la peau<sup>5<\/sup><\/li>\n<li>Argile blanche : soulage les peaux sensibles, absorbe et r\u00e9gule le s\u00e9bum<sup>5<\/sup><\/li>\n<\/ul>\n<\/li>\n<\/ul>\n<p>Voir les <a href=\"https:\/\/www.savonnerie-chapoul.fr\/?p=157\">sources<\/a><\/p>\n","protected":false},"excerpt":{"rendered":"<p>La savon artisanal La Garrigue est parfum\u00e9 aux huiles essentielles fran\u00e7aises bio de lavande fine et de gen\u00e9vrier cade. Il est surgras et riche en glyc\u00e9rine naturellement produite lors de la saponification \u00e0 froid. Il est id\u00e9al pour la toilette des mains et du corps, vous proposant un voyage vers le sud, la garrigue !<\/p>\n<p>Pour poursuivre votre exp\u00e9rience olfactive, d\u00e9couvrez le <a href=\"https:\/\/www.savonnerie-chapoul.fr\/index.php\/produit\/lait-pour-le-corps-la-garrigue\/\">lait pour le corps La Garrigue<\/a> dont le parfum est coordonn\u00e9 \u00e0 ce savon solide.<\/p>\n","protected":false},"featured_media":1114,"comment_status":"open","ping_status":"closed","template":"","meta":[],"product_brand":[],"product_cat":[35,17],"product_tag":[19,18,20,29,28,30],"class_list":{"0":"post-162","1":"product","2":"type-product","3":"status-publish","4":"has-post-thumbnail","6":"product_cat-parfume","7":"product_cat-savons","8":"product_tag-saf","9":"product_tag-savon","10":"product_tag-savon-a-froid","11":"product_tag-savon-parfume","12":"product_tag-savon-saponife-a-froid","13":"product_tag-savon-surgras","15":"first","16":"instock","17":"shipping-taxable","18":"purchasable","19":"product-type-variable","20":"has-default-attributes"},"yoast_head":"<!-- This site is optimized with the Yoast SEO plugin v27.1.1 - https:\/\/yoast.com\/product\/yoast-seo-wordpress\/ -->\n<title>Savon saponifi\u00e9 \u00e0 froid \u00e0 la lavande et au cade - Savonnerie Chapoul<\/title>\n<meta name=\"description\" content=\"Le savon La Garrigue est surgras et riche en glyc\u00e9rine naturellement produite lors de la saponification \u00e0 froid. Parfum\u00e9 \u00e0 la lavande et au gen\u00e9vrier cade.\" \/>\n<meta name=\"robots\" content=\"index, follow, max-snippet:-1, max-image-preview:large, max-video-preview:-1\" \/>\n<link rel=\"canonical\" href=\"https:\/\/www.savonnerie-chapoul.fr\/index.php\/produit\/savon-la-garrigue\/\" \/>\n<meta property=\"og:locale\" content=\"fr_FR\" \/>\n<meta property=\"og:type\" content=\"article\" \/>\n<meta property=\"og:title\" content=\"Savon saponifi\u00e9 \u00e0 froid \u00e0 la lavande et au cade - Savonnerie Chapoul\" \/>\n<meta property=\"og:description\" content=\"Le savon La Garrigue est surgras et riche en glyc\u00e9rine naturellement produite lors de la saponification \u00e0 froid. Parfum\u00e9 \u00e0 la lavande et au gen\u00e9vrier cade.\" \/>\n<meta property=\"og:url\" content=\"https:\/\/www.savonnerie-chapoul.fr\/index.php\/produit\/savon-la-garrigue\/\" \/>\n<meta property=\"og:site_name\" content=\"Savonnerie Chapoul\" \/>\n<meta property=\"article:modified_time\" content=\"2026-04-10T13:00:55+00:00\" \/>\n<meta property=\"og:image\" content=\"https:\/\/www.savonnerie-chapoul.fr\/wp-content\/uploads\/2025\/01\/Packshot-eBoutique-1000x1000-4.png\" \/>\n\t<meta property=\"og:image:width\" content=\"1000\" \/>\n\t<meta property=\"og:image:height\" content=\"1000\" \/>\n\t<meta property=\"og:image:type\" content=\"image\/png\" \/>\n<meta name=\"twitter:card\" content=\"summary_large_image\" \/>\n<meta name=\"twitter:label1\" content=\"Dur\u00e9e de lecture estim\u00e9e\" \/>\n\t<meta name=\"twitter:data1\" content=\"2 minutes\" \/>\n<script type=\"application\/ld+json\" class=\"yoast-schema-graph\">{\"@context\":\"https:\/\/schema.org\",\"@graph\":[{\"@type\":\"WebPage\",\"@id\":\"https:\/\/www.savonnerie-chapoul.fr\/index.php\/produit\/savon-la-garrigue\/\",\"url\":\"https:\/\/www.savonnerie-chapoul.fr\/index.php\/produit\/savon-la-garrigue\/\",\"name\":\"Savon saponifi\u00e9 \u00e0 froid \u00e0 la lavande et au cade - Savonnerie Chapoul\",\"isPartOf\":{\"@id\":\"https:\/\/www.savonnerie-chapoul.fr\/#website\"},\"primaryImageOfPage\":{\"@id\":\"https:\/\/www.savonnerie-chapoul.fr\/index.php\/produit\/savon-la-garrigue\/#primaryimage\"},\"image\":{\"@id\":\"https:\/\/www.savonnerie-chapoul.fr\/index.php\/produit\/savon-la-garrigue\/#primaryimage\"},\"thumbnailUrl\":\"https:\/\/i0.wp.com\/www.savonnerie-chapoul.fr\/wp-content\/uploads\/2025\/01\/Packshot-eBoutique-1000x1000-4.png?fit=1000%2C1000&ssl=1\",\"datePublished\":\"2025-01-26T15:08:36+00:00\",\"dateModified\":\"2026-04-10T13:00:55+00:00\",\"description\":\"Le savon La Garrigue est surgras et riche en glyc\u00e9rine naturellement produite lors de la saponification \u00e0 froid. Parfum\u00e9 \u00e0 la lavande et au gen\u00e9vrier cade.\",\"breadcrumb\":{\"@id\":\"https:\/\/www.savonnerie-chapoul.fr\/index.php\/produit\/savon-la-garrigue\/#breadcrumb\"},\"inLanguage\":\"fr-FR\",\"potentialAction\":[{\"@type\":\"ReadAction\",\"target\":[\"https:\/\/www.savonnerie-chapoul.fr\/index.php\/produit\/savon-la-garrigue\/\"]}]},{\"@type\":\"ImageObject\",\"inLanguage\":\"fr-FR\",\"@id\":\"https:\/\/www.savonnerie-chapoul.fr\/index.php\/produit\/savon-la-garrigue\/#primaryimage\",\"url\":\"https:\/\/i0.wp.com\/www.savonnerie-chapoul.fr\/wp-content\/uploads\/2025\/01\/Packshot-eBoutique-1000x1000-4.png?fit=1000%2C1000&ssl=1\",\"contentUrl\":\"https:\/\/i0.wp.com\/www.savonnerie-chapoul.fr\/wp-content\/uploads\/2025\/01\/Packshot-eBoutique-1000x1000-4.png?fit=1000%2C1000&ssl=1\",\"width\":1000,\"height\":1000,\"caption\":\"Savonnerie Chapoul - Savon saponifi\u00e9 \u00e0 froid La Garrigue parfum\u00e9 \u00e0 la lavande et au gen\u00e9vrier cade, et contient du lait d'avoine\"},{\"@type\":\"BreadcrumbList\",\"@id\":\"https:\/\/www.savonnerie-chapoul.fr\/index.php\/produit\/savon-la-garrigue\/#breadcrumb\",\"itemListElement\":[{\"@type\":\"ListItem\",\"position\":1,\"name\":\"Accueil\",\"item\":\"https:\/\/www.savonnerie-chapoul.fr\/\"},{\"@type\":\"ListItem\",\"position\":2,\"name\":\"Boutique\",\"item\":\"https:\/\/www.savonnerie-chapoul.fr\/index.php\/boutique-savonnerie-chapoul\/\"},{\"@type\":\"ListItem\",\"position\":3,\"name\":\"Savon saponifi\u00e9 \u00e0 froid \u00e0 la lavande et au cade\"}]},{\"@type\":\"WebSite\",\"@id\":\"https:\/\/www.savonnerie-chapoul.fr\/#website\",\"url\":\"https:\/\/www.savonnerie-chapoul.fr\/\",\"name\":\"savonnerie-chapoul\",\"description\":\"Cosm\u00e9tiques et savons saponifi\u00e9s \u00e0 froid dans la Plaine de Versailles\",\"publisher\":{\"@id\":\"https:\/\/www.savonnerie-chapoul.fr\/#organization\"},\"potentialAction\":[{\"@type\":\"SearchAction\",\"target\":{\"@type\":\"EntryPoint\",\"urlTemplate\":\"https:\/\/www.savonnerie-chapoul.fr\/?s={search_term_string}\"},\"query-input\":{\"@type\":\"PropertyValueSpecification\",\"valueRequired\":true,\"valueName\":\"search_term_string\"}}],\"inLanguage\":\"fr-FR\"},{\"@type\":\"Organization\",\"@id\":\"https:\/\/www.savonnerie-chapoul.fr\/#organization\",\"name\":\"savonnerie chapoul\",\"url\":\"https:\/\/www.savonnerie-chapoul.fr\/\",\"logo\":{\"@type\":\"ImageObject\",\"inLanguage\":\"fr-FR\",\"@id\":\"https:\/\/www.savonnerie-chapoul.fr\/#\/schema\/logo\/image\/\",\"url\":\"https:\/\/i0.wp.com\/www.savonnerie-chapoul.fr\/wp-content\/uploads\/2026\/03\/logo-savonnerie-Chapoul-fond-transparent.png?fit=858%2C272&ssl=1\",\"contentUrl\":\"https:\/\/i0.wp.com\/www.savonnerie-chapoul.fr\/wp-content\/uploads\/2026\/03\/logo-savonnerie-Chapoul-fond-transparent.png?fit=858%2C272&ssl=1\",\"width\":858,\"height\":272,\"caption\":\"savonnerie chapoul\"},\"image\":{\"@id\":\"https:\/\/www.savonnerie-chapoul.fr\/#\/schema\/logo\/image\/\"},\"sameAs\":[\"https:\/\/www.instagram.com\/savonnerie-chapoul\"]}]}<\/script>\n<!-- \/ Yoast SEO plugin. -->","yoast_head_json":{"title":"Savon saponifi\u00e9 \u00e0 froid \u00e0 la lavande et au cade - Savonnerie Chapoul","description":"Le savon La Garrigue est surgras et riche en glyc\u00e9rine naturellement produite lors de la saponification \u00e0 froid. Parfum\u00e9 \u00e0 la lavande et au gen\u00e9vrier cade.","robots":{"index":"index","follow":"follow","max-snippet":"max-snippet:-1","max-image-preview":"max-image-preview:large","max-video-preview":"max-video-preview:-1"},"canonical":"https:\/\/www.savonnerie-chapoul.fr\/index.php\/produit\/savon-la-garrigue\/","og_locale":"fr_FR","og_type":"article","og_title":"Savon saponifi\u00e9 \u00e0 froid \u00e0 la lavande et au cade - Savonnerie Chapoul","og_description":"Le savon La Garrigue est surgras et riche en glyc\u00e9rine naturellement produite lors de la saponification \u00e0 froid. Parfum\u00e9 \u00e0 la lavande et au gen\u00e9vrier cade.","og_url":"https:\/\/www.savonnerie-chapoul.fr\/index.php\/produit\/savon-la-garrigue\/","og_site_name":"Savonnerie Chapoul","article_modified_time":"2026-04-10T13:00:55+00:00","og_image":[{"width":1000,"height":1000,"url":"https:\/\/www.savonnerie-chapoul.fr\/wp-content\/uploads\/2025\/01\/Packshot-eBoutique-1000x1000-4.png","type":"image\/png"}],"twitter_card":"summary_large_image","twitter_misc":{"Dur\u00e9e de lecture estim\u00e9e":"2 minutes"},"schema":{"@context":"https:\/\/schema.org","@graph":[{"@type":"WebPage","@id":"https:\/\/www.savonnerie-chapoul.fr\/index.php\/produit\/savon-la-garrigue\/","url":"https:\/\/www.savonnerie-chapoul.fr\/index.php\/produit\/savon-la-garrigue\/","name":"Savon saponifi\u00e9 \u00e0 froid \u00e0 la lavande et au cade - Savonnerie Chapoul","isPartOf":{"@id":"https:\/\/www.savonnerie-chapoul.fr\/#website"},"primaryImageOfPage":{"@id":"https:\/\/www.savonnerie-chapoul.fr\/index.php\/produit\/savon-la-garrigue\/#primaryimage"},"image":{"@id":"https:\/\/www.savonnerie-chapoul.fr\/index.php\/produit\/savon-la-garrigue\/#primaryimage"},"thumbnailUrl":"https:\/\/i0.wp.com\/www.savonnerie-chapoul.fr\/wp-content\/uploads\/2025\/01\/Packshot-eBoutique-1000x1000-4.png?fit=1000%2C1000&ssl=1","datePublished":"2025-01-26T15:08:36+00:00","dateModified":"2026-04-10T13:00:55+00:00","description":"Le savon La Garrigue est surgras et riche en glyc\u00e9rine naturellement produite lors de la saponification \u00e0 froid. Parfum\u00e9 \u00e0 la lavande et au gen\u00e9vrier cade.","breadcrumb":{"@id":"https:\/\/www.savonnerie-chapoul.fr\/index.php\/produit\/savon-la-garrigue\/#breadcrumb"},"inLanguage":"fr-FR","potentialAction":[{"@type":"ReadAction","target":["https:\/\/www.savonnerie-chapoul.fr\/index.php\/produit\/savon-la-garrigue\/"]}]},{"@type":"ImageObject","inLanguage":"fr-FR","@id":"https:\/\/www.savonnerie-chapoul.fr\/index.php\/produit\/savon-la-garrigue\/#primaryimage","url":"https:\/\/i0.wp.com\/www.savonnerie-chapoul.fr\/wp-content\/uploads\/2025\/01\/Packshot-eBoutique-1000x1000-4.png?fit=1000%2C1000&ssl=1","contentUrl":"https:\/\/i0.wp.com\/www.savonnerie-chapoul.fr\/wp-content\/uploads\/2025\/01\/Packshot-eBoutique-1000x1000-4.png?fit=1000%2C1000&ssl=1","width":1000,"height":1000,"caption":"Savonnerie Chapoul - Savon saponifi\u00e9 \u00e0 froid La Garrigue parfum\u00e9 \u00e0 la lavande et au gen\u00e9vrier cade, et contient du lait d'avoine"},{"@type":"BreadcrumbList","@id":"https:\/\/www.savonnerie-chapoul.fr\/index.php\/produit\/savon-la-garrigue\/#breadcrumb","itemListElement":[{"@type":"ListItem","position":1,"name":"Accueil","item":"https:\/\/www.savonnerie-chapoul.fr\/"},{"@type":"ListItem","position":2,"name":"Boutique","item":"https:\/\/www.savonnerie-chapoul.fr\/index.php\/boutique-savonnerie-chapoul\/"},{"@type":"ListItem","position":3,"name":"Savon saponifi\u00e9 \u00e0 froid \u00e0 la lavande et au cade"}]},{"@type":"WebSite","@id":"https:\/\/www.savonnerie-chapoul.fr\/#website","url":"https:\/\/www.savonnerie-chapoul.fr\/","name":"savonnerie-chapoul","description":"Cosm\u00e9tiques et savons saponifi\u00e9s \u00e0 froid dans la Plaine de Versailles","publisher":{"@id":"https:\/\/www.savonnerie-chapoul.fr\/#organization"},"potentialAction":[{"@type":"SearchAction","target":{"@type":"EntryPoint","urlTemplate":"https:\/\/www.savonnerie-chapoul.fr\/?s={search_term_string}"},"query-input":{"@type":"PropertyValueSpecification","valueRequired":true,"valueName":"search_term_string"}}],"inLanguage":"fr-FR"},{"@type":"Organization","@id":"https:\/\/www.savonnerie-chapoul.fr\/#organization","name":"savonnerie chapoul","url":"https:\/\/www.savonnerie-chapoul.fr\/","logo":{"@type":"ImageObject","inLanguage":"fr-FR","@id":"https:\/\/www.savonnerie-chapoul.fr\/#\/schema\/logo\/image\/","url":"https:\/\/i0.wp.com\/www.savonnerie-chapoul.fr\/wp-content\/uploads\/2026\/03\/logo-savonnerie-Chapoul-fond-transparent.png?fit=858%2C272&ssl=1","contentUrl":"https:\/\/i0.wp.com\/www.savonnerie-chapoul.fr\/wp-content\/uploads\/2026\/03\/logo-savonnerie-Chapoul-fond-transparent.png?fit=858%2C272&ssl=1","width":858,"height":272,"caption":"savonnerie chapoul"},"image":{"@id":"https:\/\/www.savonnerie-chapoul.fr\/#\/schema\/logo\/image\/"},"sameAs":["https:\/\/www.instagram.com\/savonnerie-chapoul"]}]}},"jetpack_sharing_enabled":true,"_links":{"self":[{"href":"https:\/\/www.savonnerie-chapoul.fr\/index.php\/wp-json\/wp\/v2\/product\/162","targetHints":{"allow":["GET"]}}],"collection":[{"href":"https:\/\/www.savonnerie-chapoul.fr\/index.php\/wp-json\/wp\/v2\/product"}],"about":[{"href":"https:\/\/www.savonnerie-chapoul.fr\/index.php\/wp-json\/wp\/v2\/types\/product"}],"replies":[{"embeddable":true,"href":"https:\/\/www.savonnerie-chapoul.fr\/index.php\/wp-json\/wp\/v2\/comments?post=162"}],"wp:featuredmedia":[{"embeddable":true,"href":"https:\/\/www.savonnerie-chapoul.fr\/index.php\/wp-json\/wp\/v2\/media\/1114"}],"wp:attachment":[{"href":"https:\/\/www.savonnerie-chapoul.fr\/index.php\/wp-json\/wp\/v2\/media?parent=162"}],"wp:term":[{"taxonomy":"product_brand","embeddable":true,"href":"https:\/\/www.savonnerie-chapoul.fr\/index.php\/wp-json\/wp\/v2\/product_brand?post=162"},{"taxonomy":"product_cat","embeddable":true,"href":"https:\/\/www.savonnerie-chapoul.fr\/index.php\/wp-json\/wp\/v2\/product_cat?post=162"},{"taxonomy":"product_tag","embeddable":true,"href":"https:\/\/www.savonnerie-chapoul.fr\/index.php\/wp-json\/wp\/v2\/product_tag?post=162"}],"curies":[{"name":"wp","href":"https:\/\/api.w.org\/{rel}","templated":true}]}}