{"id":204,"date":"2025-01-29T16:00:33","date_gmt":"2025-01-29T15:00:33","guid":{"rendered":"https:\/\/www.savonnerie-chapoul.fr\/?post_type=product&#038;p=204"},"modified":"2026-03-07T21:08:34","modified_gmt":"2026-03-07T20:08:34","slug":"la-ronde-des-senteurs","status":"publish","type":"product","link":"https:\/\/www.savonnerie-chapoul.fr\/index.php\/produit\/la-ronde-des-senteurs\/","title":{"rendered":"La ronde des senteurs"},"content":{"rendered":"<p>La ronde des senteurs se compose de six savons et d&rsquo;un porte-savon :<br \/>\n&#8211; un savon <a href=\"https:\/\/www.savonnerie-chapoul.fr\/index.php\/produit\/louveciennes\/\">Louveciennes<\/a> de 50g<br \/>\n&#8211; un savon <a href=\"https:\/\/www.savonnerie-chapoul.fr\/index.php\/produit\/alphonsine\/\">Alphonsine<\/a> de 50g<br \/>\n&#8211; un savon <a href=\"https:\/\/www.savonnerie-chapoul.fr\/index.php\/produit\/douceur-dete\/\">Douceur d&rsquo;\u00e9t\u00e9<\/a> de 50g<br \/>\n&#8211; un savon <a href=\"https:\/\/www.savonnerie-chapoul.fr\/index.php\/produit\/la-garrigue\/\">La Garrigue<\/a> de 50g<br \/>\n&#8211; un savon <a href=\"https:\/\/www.savonnerie-chapoul.fr\/index.php\/produit\/ptite-mousse\/\">P&rsquo;tite Mousse<\/a> de 50g<br \/>\n&#8211; un savon <a href=\"https:\/\/www.savonnerie-chapoul.fr\/index.php\/produit\/vitamine\/\">Vitamin\u00e9<\/a> de 50g<br \/>\n&#8211; un porte-savon au choix : <a href=\"https:\/\/www.savonnerie-chapoul.fr\/index.php\/produit\/porte-savon-savosec\/\">SavOsec<\/a> ou <a href=\"https:\/\/www.savonnerie-chapoul.fr\/index.php\/produit\/porte-savon-aimante-ventouse\/\">porte-savon aimant\u00e9<\/a><\/p>\n<p>La ronde des senteurs est \u00e0 offrir ou \u00e0 s&rsquo;offrir afin de d\u00e9couvrir les 6 recettes de savons saponifi\u00e9s \u00e0 froid de la Savonnerie Chapoul.<\/p>\n<p>Et pour maximiser la dur\u00e9e de vie de vos savons, la ronde des senteurs comporte un porte savon. Le porte-savon ventouse ou le porte-savon savOsec \u00e9vitent que les savons stagnent dans l&rsquo;eau entre deux utilisations, ce qui engendrerait une fonte pr\u00e9matur\u00e9e. Avec l&rsquo;un ou l&rsquo;autre de ces porte-savons, vos savons resteront bien au sec et leur dur\u00e9e de vie sera maximis\u00e9e.<\/p>\n","protected":false},"excerpt":{"rendered":"<p>La ronde des senteurs est id\u00e9ale pour d\u00e9couvrir tous les savons saponifi\u00e9s \u00e0 froid de la savonnerie Chapoul.<br \/>\nElle est constitu\u00e9e d&rsquo;un savon de 50g de chaque recette et d&rsquo;un porte savon :<br \/>\n&#8211; un savon <a href=\"https:\/\/www.savonnerie-chapoul.fr\/index.php\/produit\/louveciennes\/\">Louveciennes<\/a> de 50g<br \/>\n&#8211; un savon <a href=\"https:\/\/www.savonnerie-chapoul.fr\/index.php\/produit\/alphonsine\/\">Alphonsine<\/a> de 50g<br \/>\n&#8211; un savon <a href=\"https:\/\/www.savonnerie-chapoul.fr\/index.php\/produit\/douceur-dete\/\">Douceur d&rsquo;\u00e9t\u00e9<\/a> de 50g<br \/>\n&#8211; un savon <a href=\"https:\/\/www.savonnerie-chapoul.fr\/index.php\/produit\/la-garrigue\/\">La Garrigue<\/a> de 50g<br \/>\n&#8211; un savon <a href=\"https:\/\/www.savonnerie-chapoul.fr\/index.php\/produit\/ptite-mousse\/\">P&rsquo;tite Mousse<\/a> de 50g<br \/>\n&#8211; un savon <a href=\"https:\/\/www.savonnerie-chapoul.fr\/index.php\/produit\/vitamine\/\">Vitamin\u00e9<\/a> de 50g<br \/>\n&#8211; un porte-savon au choix : <a href=\"https:\/\/www.savonnerie-chapoul.fr\/index.php\/produit\/porte-savon-savosec\/\">SavOsec<\/a> ou <a href=\"https:\/\/www.savonnerie-chapoul.fr\/index.php\/produit\/porte-savon-aimante-ventouse\/\">porte-savon aimant\u00e9<\/a><\/p>\n","protected":false},"featured_media":1113,"comment_status":"open","ping_status":"closed","template":"","meta":[],"product_brand":[],"product_cat":[57,35,34,17,43],"product_tag":[40,36,37,19,18,32,20,29,31,28,30],"class_list":{"0":"post-204","1":"product","2":"type-product","3":"status-publish","4":"has-post-thumbnail","6":"product_cat-idees-cadeaux","7":"product_cat-parfume","8":"product_cat-sans-parfum","9":"product_cat-savons","10":"product_cat-packs","11":"product_tag-accessoire","12":"product_tag-cosmetique","13":"product_tag-cosmetique-naturelle","14":"product_tag-saf","15":"product_tag-savon","16":"product_tag-savon-100-francais","17":"product_tag-savon-a-froid","18":"product_tag-savon-parfume","19":"product_tag-savon-sans-parfum","20":"product_tag-savon-saponife-a-froid","21":"product_tag-savon-surgras","23":"first","24":"instock","25":"shipping-taxable","26":"purchasable","27":"product-type-variable","28":"has-default-attributes"},"yoast_head":"<!-- This site is optimized with the Yoast SEO plugin v27.1.1 - https:\/\/yoast.com\/product\/yoast-seo-wordpress\/ -->\n<title>La ronde des senteurs - Savonnerie Chapoul<\/title>\n<meta name=\"description\" content=\"La &quot;ronde des senteurs&quot; est id\u00e9ale pour d\u00e9couvrir les savons de la savonnerie Chapoul : un savon de 50g de chaque recette et un porte-savon\" \/>\n<meta name=\"robots\" content=\"index, follow, max-snippet:-1, max-image-preview:large, max-video-preview:-1\" \/>\n<link rel=\"canonical\" href=\"https:\/\/www.savonnerie-chapoul.fr\/index.php\/produit\/la-ronde-des-senteurs\/\" \/>\n<meta property=\"og:locale\" content=\"fr_FR\" \/>\n<meta property=\"og:type\" content=\"article\" \/>\n<meta property=\"og:title\" content=\"La ronde des senteurs - Savonnerie Chapoul\" \/>\n<meta property=\"og:description\" content=\"La &quot;ronde des senteurs&quot; est id\u00e9ale pour d\u00e9couvrir les savons de la savonnerie Chapoul : un savon de 50g de chaque recette et un porte-savon\" \/>\n<meta property=\"og:url\" content=\"https:\/\/www.savonnerie-chapoul.fr\/index.php\/produit\/la-ronde-des-senteurs\/\" \/>\n<meta property=\"og:site_name\" content=\"Savonnerie Chapoul\" \/>\n<meta property=\"article:modified_time\" content=\"2026-03-07T20:08:34+00:00\" \/>\n<meta property=\"og:image\" content=\"https:\/\/www.savonnerie-chapoul.fr\/wp-content\/uploads\/2025\/01\/40.png\" \/>\n\t<meta property=\"og:image:width\" content=\"1000\" \/>\n\t<meta property=\"og:image:height\" content=\"1000\" \/>\n\t<meta property=\"og:image:type\" content=\"image\/png\" \/>\n<meta name=\"twitter:card\" content=\"summary_large_image\" \/>\n<meta name=\"twitter:label1\" content=\"Dur\u00e9e de lecture estim\u00e9e\" \/>\n\t<meta name=\"twitter:data1\" content=\"1 minute\" \/>\n<script type=\"application\/ld+json\" class=\"yoast-schema-graph\">{\"@context\":\"https:\/\/schema.org\",\"@graph\":[{\"@type\":\"WebPage\",\"@id\":\"https:\/\/www.savonnerie-chapoul.fr\/index.php\/produit\/la-ronde-des-senteurs\/\",\"url\":\"https:\/\/www.savonnerie-chapoul.fr\/index.php\/produit\/la-ronde-des-senteurs\/\",\"name\":\"La ronde des senteurs - Savonnerie Chapoul\",\"isPartOf\":{\"@id\":\"https:\/\/www.savonnerie-chapoul.fr\/#website\"},\"primaryImageOfPage\":{\"@id\":\"https:\/\/www.savonnerie-chapoul.fr\/index.php\/produit\/la-ronde-des-senteurs\/#primaryimage\"},\"image\":{\"@id\":\"https:\/\/www.savonnerie-chapoul.fr\/index.php\/produit\/la-ronde-des-senteurs\/#primaryimage\"},\"thumbnailUrl\":\"https:\/\/i0.wp.com\/www.savonnerie-chapoul.fr\/wp-content\/uploads\/2025\/01\/40.png?fit=1000%2C1000&ssl=1\",\"datePublished\":\"2025-01-29T15:00:33+00:00\",\"dateModified\":\"2026-03-07T20:08:34+00:00\",\"description\":\"La \\\"ronde des senteurs\\\" est id\u00e9ale pour d\u00e9couvrir les savons de la savonnerie Chapoul : un savon de 50g de chaque recette et un porte-savon\",\"breadcrumb\":{\"@id\":\"https:\/\/www.savonnerie-chapoul.fr\/index.php\/produit\/la-ronde-des-senteurs\/#breadcrumb\"},\"inLanguage\":\"fr-FR\",\"potentialAction\":[{\"@type\":\"ReadAction\",\"target\":[\"https:\/\/www.savonnerie-chapoul.fr\/index.php\/produit\/la-ronde-des-senteurs\/\"]}]},{\"@type\":\"ImageObject\",\"inLanguage\":\"fr-FR\",\"@id\":\"https:\/\/www.savonnerie-chapoul.fr\/index.php\/produit\/la-ronde-des-senteurs\/#primaryimage\",\"url\":\"https:\/\/i0.wp.com\/www.savonnerie-chapoul.fr\/wp-content\/uploads\/2025\/01\/40.png?fit=1000%2C1000&ssl=1\",\"contentUrl\":\"https:\/\/i0.wp.com\/www.savonnerie-chapoul.fr\/wp-content\/uploads\/2025\/01\/40.png?fit=1000%2C1000&ssl=1\",\"width\":1000,\"height\":1000,\"caption\":\"Savonnerie Chapoul - La ronde des senteurs - 6 savons de 50g et un porte-savon\"},{\"@type\":\"BreadcrumbList\",\"@id\":\"https:\/\/www.savonnerie-chapoul.fr\/index.php\/produit\/la-ronde-des-senteurs\/#breadcrumb\",\"itemListElement\":[{\"@type\":\"ListItem\",\"position\":1,\"name\":\"Accueil\",\"item\":\"https:\/\/www.savonnerie-chapoul.fr\/\"},{\"@type\":\"ListItem\",\"position\":2,\"name\":\"Boutique\",\"item\":\"https:\/\/www.savonnerie-chapoul.fr\/index.php\/boutique-savonnerie-chapoul\/\"},{\"@type\":\"ListItem\",\"position\":3,\"name\":\"La ronde des senteurs\"}]},{\"@type\":\"WebSite\",\"@id\":\"https:\/\/www.savonnerie-chapoul.fr\/#website\",\"url\":\"https:\/\/www.savonnerie-chapoul.fr\/\",\"name\":\"savonnerie-chapoul\",\"description\":\"Cosm\u00e9tiques et savons saponifi\u00e9s \u00e0 froid dans la Plaine de Versailles\",\"publisher\":{\"@id\":\"https:\/\/www.savonnerie-chapoul.fr\/#organization\"},\"potentialAction\":[{\"@type\":\"SearchAction\",\"target\":{\"@type\":\"EntryPoint\",\"urlTemplate\":\"https:\/\/www.savonnerie-chapoul.fr\/?s={search_term_string}\"},\"query-input\":{\"@type\":\"PropertyValueSpecification\",\"valueRequired\":true,\"valueName\":\"search_term_string\"}}],\"inLanguage\":\"fr-FR\"},{\"@type\":\"Organization\",\"@id\":\"https:\/\/www.savonnerie-chapoul.fr\/#organization\",\"name\":\"savonnerie chapoul\",\"url\":\"https:\/\/www.savonnerie-chapoul.fr\/\",\"logo\":{\"@type\":\"ImageObject\",\"inLanguage\":\"fr-FR\",\"@id\":\"https:\/\/www.savonnerie-chapoul.fr\/#\/schema\/logo\/image\/\",\"url\":\"https:\/\/i0.wp.com\/www.savonnerie-chapoul.fr\/wp-content\/uploads\/2026\/03\/logo-savonnerie-Chapoul-fond-transparent.png?fit=858%2C272&ssl=1\",\"contentUrl\":\"https:\/\/i0.wp.com\/www.savonnerie-chapoul.fr\/wp-content\/uploads\/2026\/03\/logo-savonnerie-Chapoul-fond-transparent.png?fit=858%2C272&ssl=1\",\"width\":858,\"height\":272,\"caption\":\"savonnerie chapoul\"},\"image\":{\"@id\":\"https:\/\/www.savonnerie-chapoul.fr\/#\/schema\/logo\/image\/\"},\"sameAs\":[\"https:\/\/www.instagram.com\/savonnerie-chapoul\"]}]}<\/script>\n<!-- \/ Yoast SEO plugin. -->","yoast_head_json":{"title":"La ronde des senteurs - Savonnerie Chapoul","description":"La \"ronde des senteurs\" est id\u00e9ale pour d\u00e9couvrir les savons de la savonnerie Chapoul : un savon de 50g de chaque recette et un porte-savon","robots":{"index":"index","follow":"follow","max-snippet":"max-snippet:-1","max-image-preview":"max-image-preview:large","max-video-preview":"max-video-preview:-1"},"canonical":"https:\/\/www.savonnerie-chapoul.fr\/index.php\/produit\/la-ronde-des-senteurs\/","og_locale":"fr_FR","og_type":"article","og_title":"La ronde des senteurs - Savonnerie Chapoul","og_description":"La \"ronde des senteurs\" est id\u00e9ale pour d\u00e9couvrir les savons de la savonnerie Chapoul : un savon de 50g de chaque recette et un porte-savon","og_url":"https:\/\/www.savonnerie-chapoul.fr\/index.php\/produit\/la-ronde-des-senteurs\/","og_site_name":"Savonnerie Chapoul","article_modified_time":"2026-03-07T20:08:34+00:00","og_image":[{"width":1000,"height":1000,"url":"https:\/\/www.savonnerie-chapoul.fr\/wp-content\/uploads\/2025\/01\/40.png","type":"image\/png"}],"twitter_card":"summary_large_image","twitter_misc":{"Dur\u00e9e de lecture estim\u00e9e":"1 minute"},"schema":{"@context":"https:\/\/schema.org","@graph":[{"@type":"WebPage","@id":"https:\/\/www.savonnerie-chapoul.fr\/index.php\/produit\/la-ronde-des-senteurs\/","url":"https:\/\/www.savonnerie-chapoul.fr\/index.php\/produit\/la-ronde-des-senteurs\/","name":"La ronde des senteurs - Savonnerie Chapoul","isPartOf":{"@id":"https:\/\/www.savonnerie-chapoul.fr\/#website"},"primaryImageOfPage":{"@id":"https:\/\/www.savonnerie-chapoul.fr\/index.php\/produit\/la-ronde-des-senteurs\/#primaryimage"},"image":{"@id":"https:\/\/www.savonnerie-chapoul.fr\/index.php\/produit\/la-ronde-des-senteurs\/#primaryimage"},"thumbnailUrl":"https:\/\/i0.wp.com\/www.savonnerie-chapoul.fr\/wp-content\/uploads\/2025\/01\/40.png?fit=1000%2C1000&ssl=1","datePublished":"2025-01-29T15:00:33+00:00","dateModified":"2026-03-07T20:08:34+00:00","description":"La \"ronde des senteurs\" est id\u00e9ale pour d\u00e9couvrir les savons de la savonnerie Chapoul : un savon de 50g de chaque recette et un porte-savon","breadcrumb":{"@id":"https:\/\/www.savonnerie-chapoul.fr\/index.php\/produit\/la-ronde-des-senteurs\/#breadcrumb"},"inLanguage":"fr-FR","potentialAction":[{"@type":"ReadAction","target":["https:\/\/www.savonnerie-chapoul.fr\/index.php\/produit\/la-ronde-des-senteurs\/"]}]},{"@type":"ImageObject","inLanguage":"fr-FR","@id":"https:\/\/www.savonnerie-chapoul.fr\/index.php\/produit\/la-ronde-des-senteurs\/#primaryimage","url":"https:\/\/i0.wp.com\/www.savonnerie-chapoul.fr\/wp-content\/uploads\/2025\/01\/40.png?fit=1000%2C1000&ssl=1","contentUrl":"https:\/\/i0.wp.com\/www.savonnerie-chapoul.fr\/wp-content\/uploads\/2025\/01\/40.png?fit=1000%2C1000&ssl=1","width":1000,"height":1000,"caption":"Savonnerie Chapoul - La ronde des senteurs - 6 savons de 50g et un porte-savon"},{"@type":"BreadcrumbList","@id":"https:\/\/www.savonnerie-chapoul.fr\/index.php\/produit\/la-ronde-des-senteurs\/#breadcrumb","itemListElement":[{"@type":"ListItem","position":1,"name":"Accueil","item":"https:\/\/www.savonnerie-chapoul.fr\/"},{"@type":"ListItem","position":2,"name":"Boutique","item":"https:\/\/www.savonnerie-chapoul.fr\/index.php\/boutique-savonnerie-chapoul\/"},{"@type":"ListItem","position":3,"name":"La ronde des senteurs"}]},{"@type":"WebSite","@id":"https:\/\/www.savonnerie-chapoul.fr\/#website","url":"https:\/\/www.savonnerie-chapoul.fr\/","name":"savonnerie-chapoul","description":"Cosm\u00e9tiques et savons saponifi\u00e9s \u00e0 froid dans la Plaine de Versailles","publisher":{"@id":"https:\/\/www.savonnerie-chapoul.fr\/#organization"},"potentialAction":[{"@type":"SearchAction","target":{"@type":"EntryPoint","urlTemplate":"https:\/\/www.savonnerie-chapoul.fr\/?s={search_term_string}"},"query-input":{"@type":"PropertyValueSpecification","valueRequired":true,"valueName":"search_term_string"}}],"inLanguage":"fr-FR"},{"@type":"Organization","@id":"https:\/\/www.savonnerie-chapoul.fr\/#organization","name":"savonnerie chapoul","url":"https:\/\/www.savonnerie-chapoul.fr\/","logo":{"@type":"ImageObject","inLanguage":"fr-FR","@id":"https:\/\/www.savonnerie-chapoul.fr\/#\/schema\/logo\/image\/","url":"https:\/\/i0.wp.com\/www.savonnerie-chapoul.fr\/wp-content\/uploads\/2026\/03\/logo-savonnerie-Chapoul-fond-transparent.png?fit=858%2C272&ssl=1","contentUrl":"https:\/\/i0.wp.com\/www.savonnerie-chapoul.fr\/wp-content\/uploads\/2026\/03\/logo-savonnerie-Chapoul-fond-transparent.png?fit=858%2C272&ssl=1","width":858,"height":272,"caption":"savonnerie chapoul"},"image":{"@id":"https:\/\/www.savonnerie-chapoul.fr\/#\/schema\/logo\/image\/"},"sameAs":["https:\/\/www.instagram.com\/savonnerie-chapoul"]}]}},"jetpack_sharing_enabled":true,"_links":{"self":[{"href":"https:\/\/www.savonnerie-chapoul.fr\/index.php\/wp-json\/wp\/v2\/product\/204","targetHints":{"allow":["GET"]}}],"collection":[{"href":"https:\/\/www.savonnerie-chapoul.fr\/index.php\/wp-json\/wp\/v2\/product"}],"about":[{"href":"https:\/\/www.savonnerie-chapoul.fr\/index.php\/wp-json\/wp\/v2\/types\/product"}],"replies":[{"embeddable":true,"href":"https:\/\/www.savonnerie-chapoul.fr\/index.php\/wp-json\/wp\/v2\/comments?post=204"}],"wp:featuredmedia":[{"embeddable":true,"href":"https:\/\/www.savonnerie-chapoul.fr\/index.php\/wp-json\/wp\/v2\/media\/1113"}],"wp:attachment":[{"href":"https:\/\/www.savonnerie-chapoul.fr\/index.php\/wp-json\/wp\/v2\/media?parent=204"}],"wp:term":[{"taxonomy":"product_brand","embeddable":true,"href":"https:\/\/www.savonnerie-chapoul.fr\/index.php\/wp-json\/wp\/v2\/product_brand?post=204"},{"taxonomy":"product_cat","embeddable":true,"href":"https:\/\/www.savonnerie-chapoul.fr\/index.php\/wp-json\/wp\/v2\/product_cat?post=204"},{"taxonomy":"product_tag","embeddable":true,"href":"https:\/\/www.savonnerie-chapoul.fr\/index.php\/wp-json\/wp\/v2\/product_tag?post=204"}],"curies":[{"name":"wp","href":"https:\/\/api.w.org\/{rel}","templated":true}]}}